by 75?
72
Calculate the remainder when 997058591 is divided by 18.
17
Calculate the remainder when 44181480 is divided by 132.
24
What is the remainder when 1756399 is divided by 922?
911
What is the remainder when 23435 is divided by 10084?
3267
What is the remainder when 48339 is divided by 903?
480
What is the remainder when 740500 is divided by 213?
112
Calculate the remainder when 534031 is divided by 642.
529
What is the remainder when 66425 is divided by 42?
23
Calculate the remainder when 151203 is divided by 349.
86
What is the remainder when 179794 is divided by 2996?
34
Calculate the remainder when 104669 is divided by 1900.
169
Calculate the remainder when 31841 is divided by 1331.
1228
What is the remainder when 206516225 is divided by 14?
13
What is the remainder when 23777 is divided by 928?
577
Calculate the remainder when 1031683 is divided by 89.
84
Calculate the remainder when 22944218 is divided by 493.
491
Calculate the remainder when 18298 is divided by 2730.
1918
Calculate the remainder when 41080 is divided by 723.
592
Calculate the remainder when 204224 is divided by 2695.
2099
Calculate the remainder when 173369 is divided by 170.
139
What is the remainder when 667766334 is divided by 3227?
3224
Calculate the remainder when 1471638 is divided by 4857.
4824
Calculate the remainder when 649168 is divided by 23181.
100
Calculate the remainder when 35568 is divided by 242.
236
What is the remainder when 1333905 is divided by 241?
211
Calculate the remainder when 311504 is divided by 23927.
453
Calculate the remainder when 68792764 is divided by 49.
47
What is the remainder when 1681991 is divided by 5964?
143
Calculate the remainder when 986304 is divided by 7095.
99
Calculate the remainder when 38466778 is divided by 165.
163
Calculate the remainder when 3382665 is divided by 651.
69
Calculate the remainder when 697320 is divided by 38.
20
Calculate the remainder when 15621775 is divided by 10.
5
Calculate the remainder when 1274724 is divided by 423.
225
What is the remainder when 79247063 is divided by 1784?
1783
Calculate the remainder when 40174588 is divided by 42830.
48
What is the remainder when 103503 is divided by 4965?
4203
Calculate the remainder when 7602594 is divided by 584806.
116
Calculate the remainder when 76918554 is divided by 286.
284
What is the remainder when 1063460 is divided by 4946?
70
What is the remainder when 1927508 is divided by 5140?
8
What is the remainder when 16423 is divided by 3549?
2227
What is the remainder when 11557 is divided by 7699?
3858
What is the remainder when 13742919 is divided by 29?
22
Calculate the remainder when 1061546 is divided by 107.
106
Calculate the remainder when 32024290 is divided by 846.
652
Calculate the remainder when 771875 is divided by 4288.
35
What is the remainder when 6152320 is divided by 9101?
44
What is the remainder when 422543 is divided by 489?
47
What is the remainder when 3609608 is divided by 320?
8
What is the remainder when 2368036 is divided by 147?
13
Calculate the remainder when 1175414 is divided by 836.
834
What is the remainder when 214422 is divided by 395?
332
What is the remainder when 55051374 is divided by 77?
70
What is the remainder when 33544452 is divided by 4283?
4279
Calculate the remainder when 6218 is divided by 1028.
50
Calculate the remainder when 9379650 is divided by 792.
786
What is the remainder when 3203 is divided by 657?
575
Calculate the remainder when 1660978 is divided by 1178.
1176
What is the remainder when 109235 is divided by 18201?
29
Calculate the remainder when 68378 is divided by 721.
604
What is the remainder when 3610358 is divided by 52?
50
Calculate the remainder when 20084476 is divided by 284.
280
Calculate the remainder when 302107 is divided by 11099.
2434
What is the remainder when 1411914 is divided by 534?
18
What is the remainder when 95194 is divided by 2255?
484
What is the remainder when 79188 is divided by 11271?
291
What is the remainder when 5906513 is divided by 2459?
2454
What is the remainder when 2795674 is divided by 698902?
66
Calculate the remainder when 14425 is divided by 12352.
2073
What is the remainder when 59534 is divided by 652?
202
What is the remainder when 1491477 is divided by 19?
15
What is the remainder when 173774 is divided by 7770?
2834
Calculate the remainder when 635028 is divided by 37354.
10
What is the remainder when 906461 is divided by 129?
107
What is the remainder when 1707221 is divided by 185?
41
What is the remainder when 125529 is divided by 35?
19
What is the remainder when 2940990 is divided by 758?
708
Calculate the remainder when 58579726 is divided by 194617.
9
What is the remainder when 2425942 is divided by 30708?
10
What is the remainder when 51583 is divided by 747?
40
Calculate the remainder when 58316 is divided by 29005.
306
Calculate the remainder when 47252548 is divided by 310872.
4
Calculate the remainder when 3670057 is divided by 1223351.
4
Calculate the remainder when 965945975 is divided by 3846.
3845
What is the remainder when 324171 is divided by 7538?
37
Calculate the remainder when 20762224 is divided by 610653.
22
Calculate the remainder when 15155971 is divided by 4072.
4059
Calculate the remainder when 3764535 is divided by 1212.
63
What is the remainder when 28869712 is divided by 8767?
8748
What is the remainder when 19546 is divided by 9392?
762
Calculate the remainder when 8335387 is divided by 521.
429
Calculate the remainder when 22105196 is divided by 9.
8
What is the remainder when 42262175 is divided by 47539?
4
Calculate the remainder when 3390306 is divided by 27.
24
What is the remainder when 243227 is divided by 72?
11
What is the remainder when 121953 is divided by 251?
218
What is the remainder when 845610 is divided by 960?
810
What is the remainder when 1296783 is divided by 432244?
51
Calculate the remainder when 2733492 is divided by 503.
190
What is the remainder when 6799954 is divided by 2242?
2210
What is the remainder when 56030 is divided by 11201?
25
What is the remainder when 4636870 is divided by 36?
34
What is the remainder when 12066802 is divided by 84?
34
What is the remainder when 671203 is divided by 95?
28
Calculate the remainder when 92952286 is divided by 5291.
5289
What is the remainder when 127924 is divided by 15947?
348
Calculate the remainder when 592550 is divided by 9871.
290
Calculate the remainder when 40025900 is divided by 10437.
5
Calculate the remainder when 4467720 is divided by 14.
12
Calculate the remainder when 538800847 is divided by 1631.
1628
Calculate the remainder when 1002204 is divided by 501097.
10
What is the remainder when 1921148 is divided by 8389?
67
What is the remainder when 24942 is divided by 24933?
9
Calculate the remainder when 16569416 is divided by 8284708.
0
What is the remainder when 206230 is divided by 101809?
2612
What is the remainder when 2009092 is divided by 133?
127
Calculate the remainder when 4827543 is divided by 41.
39
What is the remainder when 1231652 is divided by 2142?
2
Calculate the remainder when 33244 is divided by 11075.
19
Calculate the remainder when 33045 is divided by 1389.
1098
What is the remainder when 435952 is divided by 3962?
132
What is the remainder when 463935 is divided by 62?
51
Calculate the remainder when 121457405 is divided by 890.
885
What is the remainder when 3569421 is divided by 554?
553
What is the remainder when 171410 is divided by 534?
530
Calculate the remainder when 34394385 is divided by 2212.
2209
What is the remainder when 5417433 is divided by 1083483?
18
What is the remainder when 410190 is divided by 2371?
7
What is the remainder when 1589409 is divided by 432?
81
What is the remainder when 56136472 is divided by 94?
48
What is the remainder when 12532614 is divided by 15136?
6
Calculate the remainder when 13318627 is divided by 26.
23
What is the remainder when 29376 is divided by 9678?
342
Calculate the remainder when 49328 is divided by 16148.
884
What is the remainder when 174150 is divided by 796?
622
What is the remainder when 143584 is divided by 143194?
390
What is the remainder when 21329948 is divided by 2369991?
29
What is the remainder when 62941880 is divided by 12890?
